7?
True
Is 1627942476 a multiple of 10?
False
Is 2202 a factor of 24362928?
True
Is 932680160 a multiple of 160?
True
Does 328 divide 1054642016?
True
Is 367 a factor of 72034026?
True
Does 99 divide 4742017380?
False
Is 151939375 a multiple of 209?
False
Is 79 a factor of 1305805931?
True
Does 51 divide 26746286?
False
Is 69865996 a multiple of 46?
True
Is 14 a factor of 61639130?
True
Is 5053104 a multiple of 336?
True
Is 105516448 a multiple of 8?
True
Is 194 a factor of 331440076?
True
Is 130604298 a multiple of 447?
False
Is 1282736 a multiple of 5?
False
Does 3 divide 35102421?
True
Is 165 a factor of 6257329428?
False
Is 1650861805 a multiple of 107?
True
Is 309 a factor of 16149497?
False
Does 79 divide 1317196989?
False
Is 707865591 a multiple of 3992?
False
Does 36 divide 10293552?
True
Is 1328 a factor of 91508496?
True
Does 29 divide 656569425?
True
Does 30 divide 40100641?
False
Does 802 divide 1871066?
True
Is 921 a factor of 3715314?
True
Is 35 a factor of 11546599?
False
Is 5441071 a multiple of 306?
False
Is 55 a factor of 7547356?
False
Is 4028 a factor of 231835568?
True
Is 85551741 a multiple of 2645?
False
Is 4566 a factor of 2699276920?
False
Is 15 a factor of 7387314497?
False
Does 322 divide 3754842?
True
Is 19 a factor of 26618886?
True
Does 905 divide 618788320?
True
Is 4 a factor of 14309876?
True
Is 45790680 a multiple of 24?
True
Is 36400735 a multiple of 7?
True
Is 388 a factor of 278052440?
True
Is 81 a factor of 146442385?
False
Is 2197 a factor of 30433945?
False
Is 1287 a factor of 436818096?
True
Is 24 a factor of 236680968?
True
Is 63710477 a multiple of 817?
True
Is 35 a factor of 30731890?
True
Is 540788684 a multiple of 143?
False
Is 1065 a factor of 123224760?
True
Is 19 a factor of 730854?
True
Is 32024475 a multiple of 525?
True
Is 33 a factor of 46550922?
True
Is 1156013257 a multiple of 1881?
False
Is 613210774 a multiple of 187?
True
Does 12 divide 235816776?
True
Is 17 a factor of 2337988610?
False
Does 6 divide 27033496?
False
Does 1046 divide 41724940?
True
Is 7 a factor of 78878814?
True
Is 2943 a factor of 71161502?
False
Does 24 divide 1096158479?
False
Does 1508 divide 454395084?
True
Is 80 a factor of 39737760?
True
Is 159 a factor of 143171550?
True
Is 89172608 a multiple of 14?
True
Is 25 a factor of 15467874?
False
Does 7 divide 44383757?
False
Does 83 divide 5340406?
False
Is 1060285939 a multiple of 96?
False
Is 168837693 a multiple of 1599?
False
Is 5869006 a multiple of 26?
True
Does 74 divide 25759104?
True
Does 6122 divide 1932466624?
False
Is 97 a factor of 1367555462?
False
Does 5 divide 1690730?
True
Is 146 a factor of 866119?
False
Does 2250 divide 2545937876?
False
Is 19 a factor of 406075534?
False
Does 24 divide 80512296?
True
Does 4887 divide 512871102?
True
Is 38839850 a multiple of 2450?
True
Is 464919159 a multiple of 7616?
False
Is 13202101 a multiple of 62?
False
Is 73 a factor of 41069727?
True
Is 255 a factor of 73603455?
True
Is 1474798189 a multiple of 123?
False
Is 3278 a factor of 407625856?
True
Is 2957327459 a multiple of 86?
False
Is 43649748 a multiple of 76?
False
Is 210951760 a multiple of 20?
True
Is 1579 a factor of 22572631?
False
Is 2672886293 a multiple of 487?
False
Does 25 divide 100662175?
True
Is 8495554 a multiple of 40?
False
Does 1106 divide 356865278?
True
Is 108093274 a multiple of 87?
False
Does 22 divide 360161963?
False
Is 2128481 a multiple of 3484?
False
Does 42 divide 121539054?
True
Is 76208360 a multiple of 57?
False
Is 125415959 a multiple of 9?
False
Is 5743 a factor of 1471080936?
True
Does 3144 divide 233926176?
True
Is 130899277 a multiple of 47?
True
Is 6 a factor of 16978776?
True
Is 5955385796 a multiple of 1070?
False
Does 12 divide 159903864?
True
Is 40 a factor of 379544080?
True
Is 76 a factor of 110379132?
True
Is 126670005 a multiple of 417?
True
Does 69 divide 30353169?
True
Is 3075 a factor of 408049425?
True
Does 2 divide 90939611?
False
Is 1968176475 a multiple of 135?
True
Is 67 a factor of 2504663144?
True
Does 100 divide 80094207?
False
Is 57811692 a multiple of 141?
True
Does 1158 divide 3145895754?
True
Is 921 a factor of 56655717?
False
Is 30250672 a multiple of 172?
True
Is 122 a factor of 3498800154?
False
Is 122097038 a multiple of 649?
False
Does 518 divide 183247132?
False
Is 1328 a factor of 24013587?
False
Is 874 a factor of 126306984?
True
Does 1648 divide 119391008?
True
Does 10 divide 587882053?
False
Does 675 divide 1610509500?
True
Is 24 a factor of 295950418?
False
Does 32 divide 39653440?
True
Is 170 a factor of 102575110?
True
Is 32833060 a multiple of 14?
False
Is 1315204856 a multiple of 14?
True
Is 325 a factor of 123514965?
False
Is 248 a factor of 7499819?
False
Is 10 a factor of 845393940?
True
Is 11219187 a multiple of 21?
True
Is 1743 a factor of 555694909?
False
Is 46 a factor of 56206618?
True
Does 10 divide 1078155020?
True
Is 1359 a factor of 7830558?
True
Is 26886450 a multiple of 86?
False
Is 2 a factor of 31782685?
False
Is 33678691 a multiple of 1298?
False
Is 1047660153 a multiple of 794?
False
Is 6812 a factor of 242534448?
True
Does 657 divide 121947084?
True
Is 1339 a factor of 1283280193?
True
Does 28 divide 226648044?
True
Is 4952 a factor of 177719221?
False
Is 15 a factor of 54522615?
True
Is 83936799 a multiple of 20?
False
Is 9619563 a multiple of 1672?
False
Does 4595 divide 112145570?
True
Is 630 a factor of 833656382?
False
Is 157 a factor of 5021488?
True
Does 1540 divide 135067240?
True
Is 1253 a factor of 213130288?
True
Does 219 divide 4044358?
False
Is 530 a factor of 11542640?
False
Is 22 a factor of 587006948?
True
Is 373152626 a multiple of 95?
False
Is 31395235 a multiple of 150?
False
Is 8067533 a multiple of 64?
False
Is 4508538252 a multiple of 677?
False
Is 2832 a factor of 453007489?
False
Is 46470661 a multiple of 2?
False
Is 2240573014 a multiple of 113?
False
Is 6432 a factor of 3445618049?
False
Is 45 a factor of 36438435?
True
Is 884967791 a multiple of 29?
False
Is 76641951 a multiple of 10?
False
Is 93636004 a multiple of 77?
True
Does 387 divide 783418399?
False
Is 158724716 a multiple of 68?
True
Is 1232267142 a multiple of 1194?
False
Does 1446 divide 486853740?
True
Is 274814388 a multiple of 4?
True
Does 5874 divide 379572006?
True
Does 151 divide 1429273680?
False
Is 26 a factor of 1540814711?
False
Is 21 a factor of 94445505?
True
Is 9708295 a multiple of 427?
False
Does 145 divide 1078559590?
True
Is 83312697 a multiple of 346?
False
Is 34545780 a multiple of 246?
True
Is 3238381634 a multiple of 60?
False
Is 56539969 a multiple of 49?
False
Is 735 a factor of 53058180?
True
Does 231 divide 566591949?
True
Does 58 divide 169708464?
True
Is 22378010 a multiple of 10?
True
Is 59586530 a multiple of 830?
True
Is 4 a factor of 1351227?
False
Is 338320875 a multiple of 15?
True
Is 3289894821 a multiple of 14193?
True
Does 382 divide 40221557?
False
Is 9 a factor of 154434132?
True
Does 154 divide 56657216?
True
Is 64 a factor of 5624923392?
True
Is 103 a factor of 354762808?
False
Is 20 a factor of 56285643?
False
Does 907 divide 8463944?
False
Is 1214 a factor of 92104966?
True
Is 207366685 a multiple of 7476?
False
Does 176 divide 41462256?
True
Is 16 a factor of 3234802?
False
Is 4 a factor of 4292704?
True
Does 33 divide 3241989168?
True
Does 388 divide 361274373?
False
Is 211299349 a multiple of 2892?
False
Is 163913510 a multiple of 5626?
True
Is 387590220 a multiple of 90?
True
Is 758 a factor of 23241911?
False
Is 39400963 a multiple of 88?
False
Is 127902992 a multiple of 1537?
True
Does 10 divide 1882579370?
True
Does 34 divide 13622818?
False
Is 1094 a factor of 535247158?
True
Is 109109952 a multiple of 112?
True
Does 173 divide 43273210?
False
Is 1088 a factor of 23516032?
True
Is 56 a factor of 45174539?
False
Is 15 a factor of 89591670?
True
Is 13340465 a multiple of 12?
False
Is 1051 a factor of 478265333?
False
Is 64056300 a multiple of 304?
False
Is 6112436 a multiple of 152?
False
Does 24 divide 33134475?
False
Is 97809894 a multiple of 117?
True
Is 20 a factor of 7598215?
False
Is 486054492 a multiple of 138?
True
Does 1426 divide 25331072?
False
Is 108129792 a multiple of 2424?
True
Does 2649 divide 339020208?
False
Is 3